{"id":87,"date":"2021-06-10T11:18:27","date_gmt":"2021-06-10T11:18:27","guid":{"rendered":"http:\/\/test.kutimuti.ee\/wordpress\/?page_id=87"},"modified":"2021-08-17T13:17:43","modified_gmt":"2021-08-17T11:17:43","slug":"info","status":"publish","type":"page","link":"http:\/\/test.kutimuti.ee\/wordpress\/info\/","title":{"rendered":"Info"},"content":{"rendered":"<p><b>Kutimuti Noortelaager\u00a0<\/b>&#8211;<b>\u00a0Laulasmaa Puhkekeskus<\/b><br \/>\nasub Lohusalu poolsaarel (Laulasmaa k\u00fclas, L\u00e4\u00e4ne-Harju vallas, Harju maakonnas).<\/p>\n<p>Tallinnast tulles kasutage huvitavamat ranna\u00e4\u00e4rset Tabasalu &#8211; V\u00e4\u00e4na &#8211; J\u00f5esuu &#8211; Keila &#8211; Joa maanteed. Keila poolt tulles s\u00f5itke Paldiski suunas ja Tuulnas &#8211; Kloogarannas keerake Laulasmaa peale.<br \/>\nEnne Laulasmaa Selverit keerake Lohusalu poole, 250 m kaugusel teeristist paremat k\u00e4tt meid leiategi.<\/p>\n<p><iframe title=\"%3$s\" src=\"https:\/\/maps.google.com\/maps?q=KutiMuti%20Noortelaager&amp;t=m&amp;z=11&amp;output=embed&amp;iwloc=near\" frameborder=\"0\" marginwidth=\"0\" marginheight=\"0\" scrolling=\"no\" aria-label=\"%3$s\"><\/iframe><\/p>\n<p>KutiMuti Noortelaager Haridus- ja Teadusministeeriumi tegevusluba nr.1.1-3\/19\/81-1, v\u00e4lja antud 05.aprill 2019.<\/p>\n<p>Laager tegutseb 1996. aastast Laulasmaal.<\/p>\n<p>Laagri korraldaja:<\/p>\n<p>O\u00dc Bestring<\/p>\n<p>Reg kood: 10613560,<\/p>\n<p>Postiaadress:<\/p>\n<p>Lohusalu tee 6<br \/>\nLaulasmaa k\u00fcla<br \/>\nL\u00e4\u00e4ne-Harju vald, 76702<\/p>\n<p><strong>Tiiu M\u00e4gi<\/strong><\/p>\n<p><a href=\"mailto:kutimuti@kutimuti.ee\">kutimuti@kutimuti.ee<\/a><br \/>\n+372 50 28 180<\/p>\n<p><a>Laagri p\u00f5him\u00e4\u00e4rus<\/a><\/p>\n<p><strong>1. \u00dclds\u00e4tted\u00a0<\/strong><br \/>\n1.1.KutiMuti Noortelaager (edaspidi laager) on O\u00dc Bestring\u00a0 asutus, mille p\u00f5hitegevuseks on noorte puhkuse ja vaba aja veetmise korraldamine l\u00e4bi aktiivse huvitegevuse.<br \/>\n1.2. Laagri k\u00f5rgemalseisvaks organiks on O\u00dc Bestring juhatus<br \/>\n1.3. Laagrit juhib laagri juhataja, kes on aruandekohustuslik O\u00dc Bestring\u00a0 juhatuse ees.<br \/>\n1.4. Laagri tegevuse t\u00e4htsamad k\u00fcsimused otsustab O\u00dc Bestring\u00a0 juhatus.<br \/>\n1.5. Laagri suhtluskeeleks on eesti keel, rahvusvaheliste noortevahetuste korral lepitakse keele kasutuse osas kokku vastavalt osalejate p\u00e4ritolumaale<br \/>\n1.6. Laager osutab oma teenuseid tasu eest, osaliselt v\u00f5i t\u00e4ielikult tasuta.<br \/>\n1.7. Laagri asukoht on Laulasmaa, Keila vald, Harju maakond<br \/>\n<strong>2. Eesm\u00e4rgid<\/strong><br \/>\n2.1. Laagri eesm\u00e4rgiks on noortele organiseeritud aktiivse kooliv\u00e4lise aja veetmise v\u00f5imaldamine, laagri tegevusprogrammi kaudu noorte arendamine, teadmiste ja positiivsete harjumuste kujundamine.<br \/>\n2.2. Oma eesm\u00e4rkide saavutamiseks laager:<br \/>\n2.2.1\u00a0kogub k\u00f5rgemalseisvatelt institutsioonidelt oma tegevuseks vajalikku teavet;<br \/>\n2.2.2\u00a0j\u00e4rgib k\u00f5iki erinevate institutsioonide poolt kehtestatud n\u00f5udeid, mis on vajalikud noorte arenguks ja ohutuse tagamiseks;<br \/>\n2.2.3\u00a0koostab laagri kulude ja tulude aastaeelarve projektid ning riigi investeeringute osas n\u00f5utud aruanded;<br \/>\n2.2.4\u00a0korraldab laagri kasutuses oleva vara haldamist;<br \/>\n2.2.5\u00a0teeb noortelaagris jooksvat remonti;<br \/>\n2.2.6\u00a0t\u00e4idab muid k\u00e4esolevast p\u00f5him\u00e4\u00e4rusest ja kehtivatest \u00f5igusaktidest tulenevaid \u00fclesandeid.<strong><br \/>\n3. Laagrisse vastuv\u00f5tmise tingimused<\/strong><br \/>\n3.1.\u00a0 Laagrisse v\u00f5etakse noori registreerimise ankeediga edastataud andmetega\u00a0 soovi v\u00f5i lepingu alusel.<br \/>\n3.2. Laagrisse saabumisel: lapsevanem v\u00f5i eestkostja kirjutab alla tema poolt eelnevalt t\u00e4idetud registreerimiskaardile, kus kinnitab, et tema poolt esitatud andmed lapse kohta on t\u00f5esed, et ta on tutvunud laagri sisekorra eeskirjadega, men\u00fc\u00fcga, p\u00e4evaplaaniga ja laagri elamistingimustega ning vastutab oma lapse tervisliku seisundi sobivuse eest.<br \/>\n3.3.\u00a0 Lepingu alusel laagrisse tuleva noore punktis 3.2 nimetatud dokumentide olemasolu ja lepingu alusel laagris viibiva noore eest vastutab noore laagrisse l\u00e4hetaja \u2013 lepingu s\u00f5lmija.<strong><br \/>\n4.\u00a0Laagri struktuur<\/strong><br \/>\n4.1.\u00a0 Laagris t\u00f6\u00f6tavad laagri juhataja, vanemkasvataja, kasvatajad, programmijuht ja abipersonal.<br \/>\n<strong>5.\u00a0Noortelaagri juhataja p\u00e4devus ja \u00fclesanded<\/strong><br \/>\n5.1. Laagri tegevust juhib laagri juhataja, kellega s\u00f5lmib, muudab ja l\u00f5petab t\u00f6\u00f6lepingu O\u00dc Bestring\u00a0 juhatus.<br \/>\n5.2. Laagri juhataja:<br \/>\n5.2.1.\u00a0korraldab laagri tegevust;<br \/>\n5.2.2. vastutab laagri \u00fclesannete t\u00e4itmise eest ning annab laagri tegevusest aru O\u00dc Bestring juhatusele ja Eesti Noorsot\u00f6\u00f6 Keskusele;<br \/>\n5.2.3. korraldab laagri kodukorra, raamatupidamise eeskirjade ja t\u00f6\u00f6tajate ametijuhendite projektide koostamist ning esitab need kinnitamiseks O\u00dc Bestring\u00a0 juhatusele;<br \/>\n5.2.4.\u00a0korraldab laagri tuusikute realiseerimist ning s\u00f5lmib lepingud asutuste ja organisatsioonidega noorte laagrisse v\u00f5tmiseks;<br \/>\n5.2.5. korraldab laagri tegevuskava v\u00e4ljat\u00f6\u00f6tamist ja esitab selle kinnitamiseks O\u00dc Bestring\u00a0 juhatusele;<br \/>\n5.2.6.\u00a0kinnitab laagrivahetuste tegevuskavad;<br \/>\n5.2.7. koostab laagri arengukava projekti ja esitab selle kinnitamiseks O\u00dc Bestring\u00a0 juhatusele;<br \/>\n5.2.8.\u00a0s\u00f5lmib, muudab ja l\u00f5petab t\u00f6\u00f6lepingud kasvatajate ja abipersonaliga;<br \/>\n5.2.9.\u00a0esindab laagrit oma p\u00e4devuse piirides;<br \/>\n5.2.10.\u00a0vastutab laagris tuusiku alusel viibivate noorte tervise ning neile vajaliku esmase arstiabi andmise eest;<br \/>\n5.2.11.\u00a0v\u00f5tab vajadusel \u00fchendust tuusiku alusel laagris viibiva noore lapsevanema v\u00f5i eestkostjaga;<br \/>\n5.2.12.\u00a0korraldab kasvatajate ja abipersonali suhtes ergutusi ja m\u00e4\u00e4rab distsiplinaarkaristusi;<br \/>\n5.2.13.\u00a0t\u00e4idab muid k\u00e4esolevast p\u00f5him\u00e4\u00e4rusest ja teistest \u00f5igusaktidest tulenevaid \u00fclesandeid.<br \/>\n<strong>6.\u00a0Laagri kasvatajate p\u00e4devus ja \u00fclesanded<\/strong><br \/>\n6.1.\u00a0\u00a0 Laagri kasvataja:<br \/>\n6.1.1.\u00a0j\u00e4rgib laagri juhataja poolt antud juhtn\u00f6\u00f6re;<br \/>\n6.1.2.\u00a0koostab laagri p\u00e4evaplaani, mille koosk\u00f5lastab laagri juhatajaga;<br \/>\n6.1.3.\u00a0korraldab vastavalt p\u00e4evaplaanile laagrisse saabunud noorte tegevust;<br \/>\n6.1.4.\u00a0j\u00e4lgib tuusiku alusel laagrisse tulnud noorte tervislikku seisundit ja annab neile vajadusel esmast arstiabi;<br \/>\n6.1.5.\u00a0arvestab noorte soovidega;<br \/>\n6.1.6.\u00a0t\u00e4idab muid laagri juhataja poolt antavaid v\u00f5i kodukorrast ja teistest \u00f5igusaktidest tulenevaid \u00fclesandeid.<br \/>\n<strong>7.\u00a0Noorte \u00f5igused ja kohustused<\/strong><br \/>\n7.1.\u00a0\u00a0 Noorel on \u00f5igus:<br \/>\n7.1.1\u00a0osaleda k\u00f5ikidel laagri poolt korraldatavatel \u00fcritustel;<br \/>\n7.1.2\u00a0kasutada \u00fcrituste ja ettev\u00f5tmiste l\u00e4biviimiseks laagri territooriumil asuvaid hooneid ja rajatisi, samuti m\u00e4nguvahendeid;<br \/>\n7.1.3\u00a0teha ettepanekuid laagrielu paremaks korraldamiseks;<br \/>\n7.1.4\u00a0arusaamatuse korral kasvatajatega p\u00f6\u00f6rduda laagri juhataja poole;<br \/>\n7.2.\u00a0\u00a0\u00a0 Noorel on kohustus:<br \/>\n7.2.1\u00a0j\u00e4rgida laagri kodukorda ja k\u00f5iki sisekorra eeskirju;<br \/>\n7.2.2\u00a0mitte lahkuda ilma kasvatajata laagri territooriumilt;<br \/>\n7.2.3\u00a0matkal, avalikel teedel ja veekogu juures viibides t\u00e4ita kasvataja erin\u00f5udeid;<br \/>\n7.2.4 hoida heaperemehelikult laagri vahendeid ja suhtuda s\u00e4\u00e4stlikult elektri ja vee tarbimisse;<br \/>\n7.2.5 rikutud ja l\u00f5hutud laagri inventar korvata<br \/>\n<strong>8.\u00a0Finantseerimise alused<\/strong><strong><br \/>\n<\/strong>8.1.\u00a0 Laagri finantseerimine toimub j\u00e4rgmistest allikatest:<br \/>\n8.1.1\u00a0sihtotstarbelised eraldised;<br \/>\n8.1.2\u00a0tuusikute m\u00fc\u00fck;<br \/>\n8.1.3\u00a0lepingu alusel laagris viibivate noorte osamaksud.<br \/>\n<strong>9.\u00a0Laagris osalemise tasu m\u00e4\u00e4ra arvutamise alused<\/strong><br \/>\n9.1.\u00a0 Laagris osalemise tasu m\u00e4\u00e4ra arvutamise aluseks on \u00fchele noorele \u00fche p\u00e4eva l\u00f5ikes tehtavad eelarvelised kulutused (toitlustamine, majutamine, laagri personali palk, transpordi-, remondikulud ja kommunaalmaksud, investeeringud).<strong><br \/>\n10.\u00a0Laagri tegevuse l\u00f5petamise kord<\/strong><br \/>\n10.1. Laagri tegevuse l\u00f5petab O\u00dc Bestring\u00a0 juhatus;<br \/>\n10.2. Laagri tegevuse l\u00f5petamisest teatab O\u00dc Bestring\u00a0 juhatus Haridus-ja Teadusministeeriumile.<\/p>\n<p><img decoding=\"async\" src=\"http:\/\/test.kutimuti.ee\/wordpress\/wp-content\/uploads\/2021\/07\/Tallinna-Haridusamet-logo.jpg\" sizes=\"(max-width: 472px) 100vw, 472px\" srcset=\"http:\/\/test.kutimuti.ee\/wordpress\/wp-content\/uploads\/2021\/07\/Tallinna-Haridusamet-logo.jpg 472w, http:\/\/test.kutimuti.ee\/wordpress\/wp-content\/uploads\/2021\/07\/Tallinna-Haridusamet-logo-300x102.jpg 300w\" alt=\"\" width=\"472\" height=\"160\" \/><br \/>\n<img decoding=\"async\" src=\"http:\/\/test.kutimuti.ee\/wordpress\/wp-content\/uploads\/2021\/07\/0_haridusmin_vapp_est_70px.png\" alt=\"\" width=\"220\" height=\"68\" \/><br \/>\n<img decoding=\"async\" src=\"http:\/\/test.kutimuti.ee\/wordpress\/wp-content\/uploads\/2021\/07\/HMN_logo_valge.jpg\" alt=\"\" width=\"220\" height=\"69\" \/><\/p>\n","protected":false},"excerpt":{"rendered":"<p>Kutimuti Noortelaager\u00a0&#8211;\u00a0Laulasmaa Puhkekeskus asub Lohusalu poolsaarel (Laulasmaa k\u00fclas, L\u00e4\u00e4ne-Harju vallas, Harju maakonnas). Tallinnast tulles kasutage huvitavamat ranna\u00e4\u00e4rset Tabasalu &#8211; V\u00e4\u00e4na &#8211; J\u00f5esuu &#8211; Keila &#8211; &hellip;<\/p>\n","protected":false},"author":1,"featured_media":0,"parent":0,"menu_order":0,"comment_status":"closed","ping_status":"closed","template":"elementor_theme","meta":{"footnotes":""},"class_list":["post-87","page","type-page","status-publish","hentry"],"_links":{"self":[{"href":"http:\/\/test.kutimuti.ee\/wordpress\/wp-json\/wp\/v2\/pages\/87","targetHints":{"allow":["GET"]}}],"collection":[{"href":"http:\/\/test.kutimuti.ee\/wordpress\/wp-json\/wp\/v2\/pages"}],"about":[{"href":"http:\/\/test.kutimuti.ee\/wordpress\/wp-json\/wp\/v2\/types\/page"}],"author":[{"embeddable":true,"href":"http:\/\/test.kutimuti.ee\/wordpress\/wp-json\/wp\/v2\/users\/1"}],"replies":[{"embeddable":true,"href":"http:\/\/test.kutimuti.ee\/wordpress\/wp-json\/wp\/v2\/comments?post=87"}],"version-history":[{"count":45,"href":"http:\/\/test.kutimuti.ee\/wordpress\/wp-json\/wp\/v2\/pages\/87\/revisions"}],"predecessor-version":[{"id":879,"href":"http:\/\/test.kutimuti.ee\/wordpress\/wp-json\/wp\/v2\/pages\/87\/revisions\/879"}],"wp:attachment":[{"href":"http:\/\/test.kutimuti.ee\/wordpress\/wp-json\/wp\/v2\/media?parent=87"}],"curies":[{"name":"wp","href":"https:\/\/api.w.org\/{rel}","templated":true}]}}